uppose -3*j - 2*f - 5 = 2, 3*j = -f - 11. Let x be 2/(-8) - (-1369)/4. Let s = j + x. Is s a prime number?
True
Is (((-1)/(-2))/1)/(11/329164) composite?
True
Let t be (-9)/(-12) - (-68)/16. Suppose 55 = 5*o - 5*m, -2*o + 0*o + t*m = -10. Is o a prime number?
False
Suppose 0 = -11*q - q + 5820. Is q a composite number?
True
Let q = 1075 + -695. Suppose q = 5*o + 4*u, -2*o + 162 - 10 = 5*u. Suppose 4*t + o = 260. Is t a prime number?
False
Suppose 4*g + 1824 = 2*z, 4*g - 891 = -z - g. Suppose -z = -4*o + 1858. Is o a prime number?
True
Let o(s) = -s**2 - 11*s + 17. Let l be o(-12). Suppose -c + 3*a = -l*c + 3664, -4*a = -2*c + 1854. Is c a prime number?
True
Suppose -3*k - 147 = -4*d + 7*d, 0 = 4*d + 5*k + 199. Let o = -24 - d. Is o composite?
True
Let k = -1235 - -3862. Is k a prime number?
False
Let q(f) = f**3 + 3*f**2 + 8*f - 10. Let o be q(-5). Let k be (179*1)/(11 + -12). Let a = o - k. Is a a composite number?
False
Suppose 6*q = q + 3*g + 267, -3*g + 39 = q. Let x = 316 - q. Is x a prime number?
False
Suppose 0 = -28*s + 72618 + 33194. Is s a composite number?
False
Let j(y) = 48*y - 230. Is j(6) a composite number?
True
Suppose 2*u = 4*r + 5246, -2*r + 2*u = r + 3937. Let z be r/(-1) + -4 + -3. Suppose -3*v = -z - 141. Is v composite?
True
Suppose 7660 - 740 = 4*v. Suppose h = -h + v. Is h a composite number?
True
Let x = -38757 + 71800. Is x prime?
False
Suppose 3*o + 9379 = i, -5*o = -0*i + i - 9411. Is i a composite number?
False
Let z be ((-1)/(-2))/((-6)/(-48)). Suppose -n = -z*d + 2*n + 552, -5*n = 20. Suppose -d + 491 = 4*s. Is s prime?
True
Let j(a) = -59*a - 14 + 39 + 0*a + 26. Is j(-13) a composite number?
True
Let n(z) = 22*z - 2. Let c be n(6). Suppose -5*o + 0*o + c = 0. Suppose -o = r - 3*r. Is r composite?
False
Let k be (-3)/12*(-112)/4. Suppose 0 = v - k + 4. Suppose p - v*z + 67 = 335, p - 4*z - 271 = 0. Is p composite?
True
Let b(z) be the third derivative of z**6/5 + z**5/60 + z**4/8 + z**3/2 + 27*z**2. Is b(3) composite?
True
Suppose 0 = 5*f + 2*x - 30923, -4*x = -f + 4*f - 18551. Is f composite?
True
Suppose -4*i = -i - s - 56, -2*i + 52 = 3*s. Is 1738 + (i/4)/(-1) a composite number?
False
Suppose -7*k = -k + 102. Let p = 105 + -57. Let o = p + k. Is o prime?
True
Suppose 20 = -4*g, -5*a + 5 = 2*g + 15. Suppose 720 + 3649 = 5*w - 4*o, a = -3*w + 5*o + 2611. Is w prime?
True
Suppose 2*h - 99 = 127. Suppose 0*c = 4*c - 12. Suppose c*b + h - 1208 = 0. Is b composite?
True
Let s = -6 - -6. Suppose 0*x - 4 = -2*x. Suppose x*p = 0, -3*p + s*p + 730 = 2*c. Is c a composite number?
True
Suppose 3633 + 6632 = 5*u. Is u a composite number?
False
Suppose 1070*l - 112453 = 1059*l. Is l a composite number?
False
Let b(p) = -p - 1 - p**3 + 4*p - 5*p**2 + 2*p. Let w be b(-6). Suppose w*k - 312 + 27 = 0. Is k a composite number?
True
Suppose -6*k = -2*k + 4. Let b be (4 - k) + 0/12. Suppose t = -2*g + 107, -g - 2*t + b*t = -50. Is g a composite number?
False
Suppose 3 = -29*u + 32. Let c(t) = 27*t + 2 - 5*t + 43*t. Is c(u) composite?
False
Suppose 2*z + 5 - 13 = 0. Suppose -3*m + z*m + 5*t + 11 = 0, -8 = 2*t. Let k = m - -44. Is k prime?
True
Is 74/(-481) + (-115533)/(-13) a prime number?
True
Suppose -17701 = -15*f + 18854. Is f prime?
True
Let m = 29983 - 15910. Is m a prime number?
False
Suppose 27*q - 106398 = 93483. Is q prime?
False
Let u(y) = y**2 - 7*y + 7. Let v be u(10). Let o = v - 101. Let r = o - -695. Is r prime?
True
Suppose 3*c + 4 = -11. Let w = c + 10. Suppose 3*m = -u + 246, -3*m + 0*u = -w*u - 264. Is m composite?
False
Suppose -460708 = -23*f - 2709. Is f a prime number?
True
Suppose 0*x + 3098 = 2*w + 2*x, 4644 = 3*w + 4*x. Let g = -585 + w. Is g a prime number?
True
Let o = -29 - -31. Let u be ((-12)/(-9) - o)*-3. Suppose -2*f + f - 3*k + 396 = 0, -u*k - 371 = -f. Is f composite?
True
Is (-6)/7 + (5 - (-962280)/70) a composite number?
False
Let g(p) = -40*p**3 + p**2 - 2*p**2 + 5*p + 1 + 2. Is g(-3) a composite number?
True
Let x(y) = 15*y**3 - 6*y**2 + 23. Is x(8) prime?
False
Suppose 0*s - s + 1 = 0. Let j(p) = p**3 + 3 + 0*p**2 - 8*p**2 + p**2 - s. Is j(7) a composite number?
False
Let r = -63 + 4. Let x = r - -438. Is x prime?
True
Let z(t) = 5*t**3 - 6*t**2 + 2*t + 2. Suppose -l - l + 22 = -4*p, 3*l + 4*p = 13. Is z(l) composite?
True
Let k = 673 - 424. Let m be ((-8)/20)/(((-30)/(-5))/(-30)). Suppose -m*a - 3*a + k = t, 3*t - 711 = 3*a. Is t composite?
False
Let s(b) = -b**2 - 13*b - 6. Let c be s(-11). Let l = -29 + c. Is l/(2 - 20/8) a prime number?
False
Suppose -2*r = 5*h - 1895 - 5023, r = -3*h + 4150. Suppose 9*f = 7*f + h. Is f a prime number?
True
Let w(b) = -158*b - 5. Let t be w(-3). Suppose -t - 163 = -8*i. Is i prime?
True
Suppose -396281 = 20*v - 73*v. Is v prime?
True
Suppose 4*y = b - 69668, 3*y - 3*b + 2*b = -52250. Is 6/(-9)*y/4 a prime number?
True
Suppose 5*m = a - 25, a + 3*m = m - 3. Suppose 2*t - 4*c - 298 = 0, a*c + 302 = 2*t + 2*c. Is t composite?
False
Let y = 449 - -72. Is y a composite number?
False
Suppose 0 = 5*b + 4*l + 45075, -9663 - 8354 = 2*b - l. Let s = b + 18754. Is s a prime number?
True
Let i = 61 - 50. Let q(a) = 1 + 11 + a**2 + 2*a**2 + 2*a. Is q(i) composite?
False
Let t = 49498 - 27485. Is t composite?
False
Suppose 10*c = 13*c. Let m(y) = -4*y + 1477. Is m(c) prime?
False
Let n(w) be the first derivative of 43*w**2 - 11*w - 1. Let b(h) = -3*h - 52. Let d be b(-19). Is n(d) composite?
False
Let z(i) = 448*i**3 - 2*i**2 + i. Suppose -2*s - 18 = 2*q - 3*q, 4 = -s. Let b = q - 9. Is z(b) prime?
False
Let r(k) be the second derivative of -75*k**4/2 + k**3/2 + k**2 + 10*k. Let x be r(-1). Let w = x - -674. Is w a composite number?
False
Suppose 4*j = 3*d - 107, -4*j + 194 = 5*d - 27. Suppose -5*v = -d + 181. Let p = 62 + v. Is p a prime number?
False
Suppose 9*k - 114158 = -10487. Is k prime?
True
Let f(v) = 21*v - 16. Let z be f(1). Suppose 2*a = l - 2169, a = -z*l - 4*a + 10905. Is l prime?
False
Let b(s) = -s**3 + 54*s**2 - 122*s + 94. Is b(49) composite?
False
Suppose 4*v = -4*u - 9184, -2*v + 4*u - 6909 = v. Is (-6)/18 - v/3 composite?
True
Suppose 4*q - 3403 = -5*o, -4*o + 1781 = -5*q - 925. Suppose -3*a = u - 1925, 4*a + 4*u + o - 3251 = 0. Is a composite?
False
Let p = -12 - -17. Let z = -190 - -572. Suppose 0 = -p*r + 7*r - z. Is r prime?
True
Let g = 7 + -3. Suppose g*o = 2*i - 6, -5*o + 4*i = 1 + 2. Let w(v) = 8*v**2 - v + 2. Is w(o) a composite number?
True
Suppose 3*l - 11 = 4. Let s = l + 2. Suppose -s = -p + 46. Is p composite?
False
Let k(g) = 314*g**3 - 4*g**2 - 5*g + 17. Is k(2) composite?
False
Let k(d) = 15*d**2 - 62*d + 15. Is k(44) prime?
False
Let f(d) = -2*d + 6. Let t be f(-5). Suppose t = -5*j - 3*s - s, 0 = 3*j + 4*s + 16. Let r(n) = n**3 - n**2 - n + 127. Is r(j) a composite number?
False
Let x(i) = 2*i**3 + 39*i**2 - 17*i - 23. Is x(-16) a composite number?
True
Suppose -3*d = -8*d + 10, -5*d - 28055 = -3*v. Is v a prime number?
False
Is 90599*12*14/168 a composite number?
False
Is ((-209472)/128)/((-1)/2) a prime number?
False
Let f be 0 + (-2 - -1)/(4/1236). Is 14*f/(-8) + 1/4 composite?
False
Suppose -90 = -5*o + 55. Suppose -4*p - o = 3*t - 157, 5*t + 125 = 3*p. Is p a composite number?
True
Suppose 97483 - 4434 = 11*h. Is h composite?
True
Is ((-607800)/5 + 4)/(22/(-11)) a composite number?
True
Let m(v) = -3149*v - 84. Is m(-5) composite?
False
Let y = 437 + -108. Suppose -5*d - 1229 = -y. Let s = d + 365. Is s a composite number?
True
Let z(a) = -a**3 + a**2 - 2*a - 1. Let v be z(2). Let q = v - -7. Is q/(8/(-2164))*1 prime?
True
Let z(s) = 167*s**2 - 16*s - 16. Is z(15) composite?
True
Let t(o) = 15*o**2 + 3*o - 3. Let g(y) = 15*y**2 + 4*y - 4. Let s(w) = -5*g(w) + 6*t(w). Is s(3) a prime number?
True
Let j(l) be the first derivative of -121*l**4/4 + l**3/3 + l**2 + l + 3. Let i be 2/(-6)*(-12)/(-4). Is j(i) composite?
True
Let a = -21339 - -39638. Is a prime?
False
Is -17149*((-3 - -7) + -5) prime?
False
Suppose 7*o = 6*o. Suppose o = -18*y + 15*y + 207. Is y prime?
False
Suppose 5*n - 5*w - 18861 = 2*n, -18861 = -3*n - 5*w. Is n prime?
True
Suppose 4*u = -j + 36, 5*j - 18 - 2 = 0. Let p(m) = m**2 + 12*m + 3. Is p(u) a prime number?
True
Suppose 3*v = 4*h - 15 - 12, 45 = -5*v - 5*h. Let k = -6 - v. Suppose 8*p - k*p - 128